{"id":7039,"date":"2018-11-27T15:54:33","date_gmt":"2018-11-27T15:54:33","guid":{"rendered":"https:\/\/www.lasalavincon.com\/politica-de-privacidad\/"},"modified":"2021-02-15T20:02:18","modified_gmt":"2021-02-15T20:02:18","slug":"politica-de-privacitat","status":"publish","type":"page","link":"https:\/\/www.lasalavincon.com\/ca\/politica-de-privacitat\/","title":{"rendered":"Pol\u00edtica de Privacidad"},"content":{"rendered":"<div class=\"fusion-fullwidth fullwidth-box fusion-builder-row-1 nonhundred-percent-fullwidth non-hundred-percent-height-scrolling\" style=\"background-color: #ffffff;background-position: center center;background-repeat: no-repeat;padding-top:0px;padding-right:0px;padding-bottom:0px;padding-left:0px;margin-bottom: 0px;margin-top: 25px;border-width: 0px 0px 0px 0px;border-color:#eae9e9;border-style:solid;\" ><div class=\"fusion-builder-row fusion-row\"><div class=\"fusion-layout-column fusion_builder_column fusion-builder-column-0 fusion_builder_column_1_1 1_1 fusion-one-full fusion-column-first fusion-column-last\" style=\"margin-top:0px;margin-bottom:0px;\"><div class=\"fusion-column-wrapper fusion-flex-column-wrapper-legacy\" style=\"background-position:left top;background-repeat:no-repeat;-webkit-background-size:cover;-moz-background-size:cover;-o-background-size:cover;background-size:cover;padding: 0px 0px 0px 0px;\"><div class=\"fusion-text fusion-text-1\"><h1><strong>POL\u00cdTICA DE PRIVACITAT<\/strong><\/h1>\n<p><strong>1. INFORMACI\u00d3 A L\u2019USUARI<\/strong><\/p>\n<p>INMOBILIARIA VINTO S.L., des d\u2019ara RESPONSABLE, \u00e9s el Responsable del tractament de les dades personals de l\u2019Usuari i l\u2019informa que aquestes dades seran tractades de conformitat amb el que disposen les normatives vigents en protecci\u00f3 de dades personals, el Reglament (UE) 2016\/679 de 27 d\u2019abril de 2016 (GDPR) relatiu a la protecci\u00f3 de les persones f\u00edsiques pel que fa al tractament de dades personals i a la lliure circulaci\u00f3 d\u2019aquestes dades i la Llei Org\u00e0nica (ES) 15\/1999 de 13 de desembre (LOPD) relativa a la protecci\u00f3 de dades de car\u00e0cter personal, pel que se li facilita la seg\u00fcent informaci\u00f3 del tractament:<\/p>\n<ul>\n<li>Fi del tractament: mantenir una relaci\u00f3 comercial amb l\u2019Usuari.Les operacions previstes per realitzar el tractament s\u00f3n:<\/li>\n<\/ul>\n<p>\u2013 Remissi\u00f3 de comunicacions comercials publicit\u00e0ries per email, fax, SMS, MMS, comunitats socials o qualsevol altre mitj\u00e0 electr\u00f2nic o f\u00edsic, present o futur, que possibiliti realitzar comunicacions comercials. Aquestes comunicacions seran realitzades pel RESPONSABLE i relacionades sobre els seus productes i serveis, o dels seus col\u00b7laboradors o prove\u00efdors amb els que aquest hagi arribat a algun acord de promoci\u00f3. En aquest cas, els tercers mai tindran acc\u00e9s a les dades personals.<\/p>\n<p>\u2013 Realitzar estudis estad\u00edstics.<\/p>\n<p>\u2013 Tramitar enc\u00e0rrecs de peticions o qualsevol tipus de petici\u00f3 que sigui realitzada per l\u2019usuari a trav\u00e9s de qualsevol de les formes de contacte que es posen a la seva disposici\u00f3.<\/p>\n<p>\u2013 Remetre el butllet\u00ed de not\u00edcies de la p\u00e0gina web.<\/p>\n<ul>\n<li>Criteris de conservaci\u00f3 de les dades: es conservaran mentre hi hagi un inter\u00e8s mutu per mantenir la fi del tractament i quan ja no sigui necessari per a tal fi, es suprimiran amb mesures de seguretat adequades per garantir la seudonimitzaci\u00f3 de les dades o la destrucci\u00f3 total de les mateixes.<\/li>\n<li>Comunicaci\u00f3 de les dades: No es comunicaran les dades a tercers, excepte per obligaci\u00f3 legal.<\/li>\n<\/ul>\n<p>1.4. Drets que assisteixen a l\u2019Usuari:<\/p>\n<p>\u2013 Dret a retirar el consentiment en qualsevol moment.<br \/>\n\u2013 Dret d\u2019acc\u00e9s, rectificaci\u00f3, portabilitat\u00a0i supressi\u00f3 de les seves dades i de la limitaci\u00f3 o oposici\u00f3 al seu tractament.<br \/>\n\u2013 Dret a presentar una reclamaci\u00f3 davant l\u2019autoritat de control (agpd.es) si considera que el tractament no s\u2019ajusta a la normativa vigent.<\/p>\n<p>1.5. Dades de contacte per exercir els seus dret<\/p>\n<p>Direcci\u00f3n postal: INMOBILIARIA VINTO S.L. Pau Clar\u00eds, 173, 2\u00ba 2\u00aa 08037 Barcelona, Espa\u00f1a<\/p>\n<p>Email: info@vincon.com<\/p>\n<p><strong>2. CAR\u00c0CTER OBLIGATORI O FACULTATIU DE LA INFORMACI\u00d3 FACILITADA PER L\u2019USUARI<\/strong><\/p>\n<p>Els Usuaris, mitjan\u00e7ant la marcaci\u00f3 de les caselles corresponents i entrada de dades en els camps, marcats amb un asterisc (*) en el formulari de contacte o presentats en formularis de desc\u00e0rrega, accepten expressament i de forma lliure i inequ\u00edvoca, que les seves dades s\u00f3n necess\u00e0ries per atendre la seva petici\u00f3, per part del prestador, sent volunt\u00e0ria la inclusi\u00f3 de dades en els camps restants. L\u2019Usuari garanteix que les dades personals facilitades al RESPONSABLE s\u00f3n veraces i es fa responsable de comunicar qualsevol modificaci\u00f3 de les mateixes.<\/p>\n<p>El RESPONSABLE informa i garanteix expressament als usuaris que les seves dades personals no seran cedides en cap cas a tercers, i que sempre que realitz\u00e9s algun tipus de cessi\u00f3 de dades personals, es demanar\u00e0 pr\u00e8viament el consentiment expr\u00e9s, informat i inequ\u00edvoc per part dels Usuaris. Totes les dades sol\u00b7licitades a trav\u00e9s del lloc web s\u00f3n obligatoris, ja que s\u00f3n necessaris per a la prestaci\u00f3 d\u2019un servei \u00f2ptim a l\u2019usuari. En cas que no siguin facilitades totes les dades, no es garanteix que la informaci\u00f3 i serveis facilitats siguin completament ajustats a les seves necessitats.<\/p>\n<p><strong>3. MESURES DE SEGURETAT<\/strong><\/p>\n<p>Que de conformitat amb el que disposen les normatives vigents en protecci\u00f3 de dades personals, el RESPONSABLE est\u00e0 complint amb totes les disposicions de les normatives GDPR i LOPD per al tractament de les dades personals de la seva responsabilitat, i manifestament amb els principis descrits a l\u2019article 5 de l\u2019GDPR i en l\u2019article 4 de la LOPD, pels quals s\u00f3n tractats de manera l\u00edcita, lleial i transparent en relaci\u00f3 amb l\u2019interessat i adequades, pertinents i limitats al que necessari en relaci\u00f3 amb els fins per als quals s\u00f3n tractats.<\/p>\n<p>El RESPONSABLE garanteix que ha implementat pol\u00edtiques t\u00e8cniques i organitzatives apropiades per aplicar les mesures de seguretat que estableixen l\u2019GDPR i la LOPD per tal de protegir els drets i llibertats dels Usuaris i els ha comunicat la informaci\u00f3 adequada perqu\u00e8 puguin exercir-los.<\/p>\n<\/div><div class=\"fusion-clearfix\"><\/div><\/div><\/div><\/div><\/div>\n","protected":false},"excerpt":{"rendered":"","protected":false},"author":1,"featured_media":0,"parent":0,"menu_order":0,"comment_status":"closed","ping_status":"closed","template":"100-width.php","meta":{"footnotes":""},"class_list":["post-7039","page","type-page","status-publish","hentry"],"_links":{"self":[{"href":"https:\/\/www.lasalavincon.com\/ca\/wp-json\/wp\/v2\/pages\/7039","targetHints":{"allow":["GET"]}}],"collection":[{"href":"https:\/\/www.lasalavincon.com\/ca\/wp-json\/wp\/v2\/pages"}],"about":[{"href":"https:\/\/www.lasalavincon.com\/ca\/wp-json\/wp\/v2\/types\/page"}],"author":[{"embeddable":true,"href":"https:\/\/www.lasalavincon.com\/ca\/wp-json\/wp\/v2\/users\/1"}],"replies":[{"embeddable":true,"href":"https:\/\/www.lasalavincon.com\/ca\/wp-json\/wp\/v2\/comments?post=7039"}],"version-history":[{"count":5,"href":"https:\/\/www.lasalavincon.com\/ca\/wp-json\/wp\/v2\/pages\/7039\/revisions"}],"predecessor-version":[{"id":12499,"href":"https:\/\/www.lasalavincon.com\/ca\/wp-json\/wp\/v2\/pages\/7039\/revisions\/12499"}],"wp:attachment":[{"href":"https:\/\/www.lasalavincon.com\/ca\/wp-json\/wp\/v2\/media?parent=7039"}],"curies":[{"name":"wp","href":"https:\/\/api.w.org\/{rel}","templated":true}]}}

Política de Privacidad

<div class="fusion-fullwidth fullwidth-box fusion-builder-row-1 nonhundred-percent-fullwidth non-hundred-percent-height-scrolling" style="background-color: #ffffff;background-position: center center;background-repeat: no-repeat;padding-top:0px;padding-right:0px;padding-bottom:0px;padding-left:0px;margin-bottom: 0px;margin-top: 25px;border-width: 0px 0px 0px 0px;border-color:#eae9e9;border-style:solid;" ><div class="fusion-builder-row fusion-row"><div class="fusion-layout-column fusion_builder_column fusion-builder-column-0 fusion_builder_column_1_1 1_1 fusion-one-full fusion-column-first fusion-column-last" style="margin-top:0px;margin-bottom:0px;"><div class="fusion-column-wrapper fusion-flex-column-wrapper-legacy" style="background-position:left top;background-repeat:no-repeat;-webkit-background-size:cover;-moz-background-size:cover;-o-background-size:cover;background-size:cover;padding: 0px 0px 0px 0px;"><div class="fusion-text fusion-text-1"><h1><strong>POLÍTICA DE PRIVACITAT</strong></h1>
<p><strong>1. INFORMACIÓ A L’USUARI</strong></p>
<p>INMOBILIARIA VINTO S.L., des d’ara RESPONSABLE, és el Responsable del tractament de les dades personals de l’Usuari i l’informa que aquestes dades seran tractades de conformitat amb el que disposen les normatives vigents en protecció de dades personals, el Reglament (UE) 2016/679 de 27 d’abril de 2016 (GDPR) relatiu a la protecció de les persones físiques pel que fa al tractament de dades personals i a la lliure circulació d’aquestes dades i la Llei Orgànica (ES) 15/1999 de 13 de desembre (LOPD) relativa a la protecció de dades de caràcter personal, pel que se li facilita la següent informació del tractament:</p>
<ul>
<li>Fi del tractament: mantenir una relació comercial amb l’Usuari.Les operacions previstes per realitzar el tractament són:</li>
</ul>
<p>– Remissió de comunicacions comercials publicitàries per email, fax, SMS, MMS, comunitats socials o qualsevol altre mitjà electrònic o físic, present o futur, que possibiliti realitzar comunicacions comercials. Aquestes comunicacions seran realitzades pel RESPONSABLE i relacionades sobre els seus productes i serveis, o dels seus col·laboradors o proveïdors amb els que aquest hagi arribat a algun acord de promoció. En aquest cas, els tercers mai tindran accés a les dades personals.</p>
<p>– Realitzar estudis estadístics.</p>
<p>– Tramitar encàrrecs de peticions o qualsevol tipus de petició que sigui realitzada per l’usuari a través de qualsevol de les formes de contacte que es posen a la seva disposició.</p>
<p>– Remetre el butlletí de notícies de la pàgina web.</p>
<ul>
<li>Criteris de conservació de les dades: es conservaran mentre hi hagi un interès mutu per mantenir la fi del tractament i quan ja no sigui necessari per a tal fi, es suprimiran amb mesures de seguretat adequades per garantir la seudonimització de les dades o la destrucció total de les mateixes.</li>
<li>Comunicació de les dades: No es comunicaran les dades a tercers, excepte per obligació legal.</li>
</ul>
<p>1.4. Drets que assisteixen a l’Usuari:</p>
<p>– Dret a retirar el consentiment en qualsevol moment.<br />
– Dret d’accés, rectificació, portabilitat i supressió de les seves dades i de la limitació o oposició al seu tractament.<br />
– Dret a presentar una reclamació davant l’autoritat de control (agpd.es) si considera que el tractament no s’ajusta a la normativa vigent.</p>
<p>1.5. Dades de contacte per exercir els seus dret</p>
<p>Dirección postal: INMOBILIARIA VINTO S.L. Pau Clarís, 173, 2º 2ª 08037 Barcelona, España</p>
<p>Email: info@vincon.com</p>
<p><strong>2. CARÀCTER OBLIGATORI O FACULTATIU DE LA INFORMACIÓ FACILITADA PER L’USUARI</strong></p>
<p>Els Usuaris, mitjançant la marcació de les caselles corresponents i entrada de dades en els camps, marcats amb un asterisc (*) en el formulari de contacte o presentats en formularis de descàrrega, accepten expressament i de forma lliure i inequívoca, que les seves dades són necessàries per atendre la seva petició, per part del prestador, sent voluntària la inclusió de dades en els camps restants. L’Usuari garanteix que les dades personals facilitades al RESPONSABLE són veraces i es fa responsable de comunicar qualsevol modificació de les mateixes.</p>
<p>El RESPONSABLE informa i garanteix expressament als usuaris que les seves dades personals no seran cedides en cap cas a tercers, i que sempre que realitzés algun tipus de cessió de dades personals, es demanarà prèviament el consentiment exprés, informat i inequívoc per part dels Usuaris. Totes les dades sol·licitades a través del lloc web són obligatoris, ja que són necessaris per a la prestació d’un servei òptim a l’usuari. En cas que no siguin facilitades totes les dades, no es garanteix que la informació i serveis facilitats siguin completament ajustats a les seves necessitats.</p>
<p><strong>3. MESURES DE SEGURETAT</strong></p>
<p>Que de conformitat amb el que disposen les normatives vigents en protecció de dades personals, el RESPONSABLE està complint amb totes les disposicions de les normatives GDPR i LOPD per al tractament de les dades personals de la seva responsabilitat, i manifestament amb els principis descrits a l’article 5 de l’GDPR i en l’article 4 de la LOPD, pels quals són tractats de manera lícita, lleial i transparent en relació amb l’interessat i adequades, pertinents i limitats al que necessari en relació amb els fins per als quals són tractats.</p>
<p>El RESPONSABLE garanteix que ha implementat polítiques tècniques i organitzatives apropiades per aplicar les mesures de seguretat que estableixen l’GDPR i la LOPD per tal de protegir els drets i llibertats dels Usuaris i els ha comunicat la informació adequada perquè puguin exercir-los.</p>
</div><div class="fusion-clearfix"></div></div></div></div></div>
